6
Suppose 1693*a + 252 = 1711*a. Suppose 0 = -3*f - 83 + 257. Suppose -t + f = 3*r - 6*t, -5*r + 104 = -t. What is the highest common factor of r and a?
7
Suppose -16*n + 12*n + 40 = 0. Let k be 777/35 - 2/n. Calculate the highest common divisor of k and 11.
11
Let c = -6 - -21. What is the highest common factor of 6 and c?
3
Suppose -3*n + 18 = -6. Let s be (-76)/n*(5 - 3). Let m = -1 - s. What is the highest common divisor of 45 and m?
9
Let m = -7 - -23. Let y = m + -17. Let j = 6 + y. What is the greatest common divisor of j and 25?
5
Let w be ((-26)/(-3))/((-7)/(-63)). Suppose 3*y - 75 = w. Calculate the highest common factor of y and 34.
17
Let f be 25 - 5/(-3)*3. What is the highest common divisor of 15 and f?
15
Let w = -24 - -49. Let u be ((-54)/(-42) - (-6)/(-21))*23. Suppose -u = 3*h - 173. What is the highest common divisor of h and w?
25
Let a be 9016/(-69)*(-3)/1. Calculate the greatest common factor of 8 and a.
8
Let m(o) = o**3 + 16*o**2 + 30. Let f be m(-16). Suppose -4*k + 3 = -4*x - 5, -3*k + 22 = x. Calculate the highest common divisor of f and k.
6
Let s(r) = 9*r + 14. Let o be s(10). Suppose 2*u + 36 = 5*n - n, -2*n = 5*u - 6. What is the greatest common factor of n and o?
8
Let i = 1136 + -928. What is the greatest common divisor of i and 26?
26
Let c = 147 - 240. Let j = -84 - c. Calculate the greatest common factor of j and 3.
3
Suppose -3*u + 6*u = 5*n - 687, n + 5*u - 115 = 0. Suppose 0 = f - 90 + 9. Let k = f - 54. What is the greatest common factor of n and k?
27
Suppose 0 = -g - g + 10. Suppose 0 = -g*v - 161 - 54. Let y = -9 - v. What is the greatest common factor of y and 51?
17
Let m(x) = 25*x + 58. Let p be m(-8). Let j = p + 153. Suppose 4*s = 99 + 33. What is the highest common divisor of j and s?
11
Suppose 47 = -2*s + 53. Calculate the highest common divisor of s and 72.
3
Let y(z) be the second derivative of -z**3/6 + 5*z**2 + 5*z. Let o be y(-10). Let d be (12/10)/(3/o). Calculate the highest common factor of 16 and d.
8
Let u = 614 - 108. Calculate the highest common factor of u and 22.
22
Suppose 4*d + 9 = 21. Suppose d*p + 72 = 7*p. Let j = 15 - 9. Calculate the highest common factor of p and j.
6
Suppose 7 + 23 = 10*s. Calculate the greatest common factor of s and 2.
1
Suppose -3*q = -i - 71, -5*i = 5*q - 2*i - 95. Let n be (q/33)/(2/3). What is the greatest common factor of 2 and n?
1
Let s(k) = -k**3 + k - 8. Let w be s(-3). Suppose -w - 2 = -b. Let g(u) = 7*u**2 + 9*u. Let r be g(-6). Calculate the highest common divisor of r and b.
18
Suppose -67*q = -72*q + 180. Calculate the greatest common divisor of q and 306.
18
Let w be 9/(-8) - (99/(-24) - -4). Let u be (-1)/((-6)/(-14))*w*3. What is the highest common divisor of 49 and u?
7
Let b(n) = -n**3 + 11*n**2 + 9*n + 44. Let v be b(12). What is the greatest common factor of 18 and v?
2
Suppose m - 6 = -3*l - 3*m, 4*l - 8 = 4*m. Suppose -f = 5*d - 64, 0 = 4*f - 5*f - l*d + 64. Calculate the highest common factor of 4 and f.
4
Suppose 5*j - 47 = -4*p - 2, 5*j - 3*p - 80 = 0. Let x be ((-82)/(-12) - (-1)/6)*j. What is the greatest common divisor of 7 and x?
7
Suppose 0 = -4*z - 5*w - 20, -z - w - 2 = 2. Suppose 2*l - 8 - 2 = z. What is the highest common divisor of 40 and l?
5
Suppose -2*p + 164 = 2*g, 4*g - 6 + 83 = p. What is the highest common factor of p and 1620?
81
Let y be (-2)/4*-23 - (-11)/22. What is the greatest common factor of y and 372?
12
Suppose -3*c + 39 = -60. Suppose 2*n - 3*a - 38 = 0, 0*n + 90 = 4*n + a. What is the highest common divisor of c and n?
11
Let f be 40/15*(-90)/(-8). Calculate the highest common factor of f and 135.
15
Let y(i) = -2*i. Let f be y(-3). Suppose 0 = -4*n + 45 + 3. Suppose -9 - 45 = -5*h + 3*r, -4*r = n. What is the highest common divisor of f and h?
3
Let z = -306 + 509. Suppose -4*u + z = 4*i + 79, -3*i = 5*u - 95. What is the greatest common divisor of 40 and i?
10
Let q(p) = 19*p**3 - 2*p + 1. Let h = -5 - -1. Let r(n) = n + 5. Let y be r(h). Let j be q(y). Calculate the highest common divisor of 2 and j.
2
Suppose -14 - 11 = -4*r - a, -4*a - 26 = -5*r. Calculate the highest common factor of 1380 and r.
6
Let d = 26 - -12. What is the highest common factor of d and 266?
38
Suppose 20 = -y + 11*y. Let v(i) = 2*i**2 - 2*i + 8. Let f be v(y). Calculate the highest common factor of 84 and f.
12
Let b = 360 - 200. Calculate the greatest common divisor of b and 8.
8
Suppose -c - 4*k - 64 = 0, -2*c - 3*k - 153 = -0*c. Let o be 3*-6*c/27. Calculate the highest common divisor of 8 and o.
8
Suppose 0 = 2*z + 6, -2*z + 3*z = -3*c + 3. Calculate the highest common factor of c and 32.
2
Suppose -22 + 4 = 3*s. Let x be (-656)/(-24) + (-4)/s. Let q be 1/(-6) - (-86)/12. What is the highest common divisor of x and q?
7
Let v(q) = 2*q**2 + 2*q - 6. Let z be v(-12). What is the highest common divisor of z and 430?
86
Suppose -3*w + 2*r + 52 = 0, 4*w + 5*r - 60 = 2*w. Suppose 0 = 4*m - w - 0. Suppose -64 = 7*s - 169. What is the highest common factor of m and s?
5
Let w be 1/((-2 - (-4)/(-8)) + 3). Let q be 0 - (-1 - 141 - w). What is the highest common divisor of q and 32?
16
Let m = 73 + 83. What is the greatest common divisor of m and 117?
39
Let f(a) = 8*a**2 + 2*a + 9. Let z(m) = -m**3 - m**2 - m - 1. Let r(w) = -f(w) - 5*z(w). Let k be r(2). What is the highest common divisor of 105 and k?
15
Let m = -147 + 151. Calculate the highest common divisor of 12 and m.
4
Let j = 66 + -64. Let f be (-4)/3*(-33)/j. Suppose 113 = 5*k + 3*h, 3*k - 3*h - 85 = -k. What is the highest common divisor of k and f?
22
Suppose -5*i = i - 126. What is the greatest common divisor of i and 273?
21
Suppose 187 = 5*d - 78. Let h(j) = 2*j**3 - j**2 - 9*j + 9. Let q be h(3). Let z = d - q. Calculate the highest common factor of z and 39.
13
Let q(w) = -w**3 + 13*w**2 - 41*w + 26. Let a be q(8). Calculate the greatest common factor of a and 138.
6
Suppose -2*h - 1189 = -3*r + 2*h, 2*h = 3*r - 1181. Calculate the highest common divisor of 17 and r.
17
Let k(t) = -18*t - 68. Let u be k(-4). What is the greatest common factor of 268 and u?
4
Let y be -2*233*((-6)/4 + 1). Suppose y = v + 8. What is the greatest common divisor of v and 45?
45
Let q = 329 + -263. Calculate the greatest common factor of q and 132.
66
Suppose -6*d + 3*d = -3*s - 45, -25 = -3*d - s. What is the greatest common factor of d and 15?
5
Suppose a + 2*q - 3*q - 92 = 0, -4*q - 86 = -a. Let d = -46 + a. Calculate the highest common divisor of 16 and d.
16
Let b(t) = -2*t - 11. Let l(z) = -6*z - 34. Let u(f) = -7*b(f) + 2*l(f). Let h be u(-4). What is the highest common factor of 1 and h?
1
Let k(p) = -p**3 - 4*p**2 + 14*p - 9. Let x be k(-7). Let d = 92 + -84. What is the highest common divisor of d and x?
8
Let u be (9/(-6))/((-48)/128). Calculate the highest common divisor of u and 24.
4
Suppose 3*w - 5*w - 6 = 0. Let f be (-2 - 1)/w - -5. Calculate the greatest common factor of 12 and f.
6
Let o(b) = 7*b - 89. Let f be o(15). What is the highest common divisor of 128 and f?
16
Let f be 12/54 + 6/(-27). Suppose f = 10*k - 9*k - 7. Calculate the highest common factor of k and 1.
1
Let v(k) = k**3 + 21*k**2 + k + 31. Let b be v(-21). Let d(w) = 2*w**2 + 2. Let r be d(-3). What is the highest common factor of b and r?
10
Let c(h) = 13*h + 6*h - 11*h - 10. Let t be c(7). Calculate the greatest common factor of 23 and t.
23
Let o be (0 - (-5)/(5/1)) + 15 + 20. Suppose 0 = -4*m + 4*t + 136, 0*m - 3*t + 150 = 4*m. What is the greatest common factor of m and o?
36
Let i be (-4)/(-18) + 1123/9. Let z be (-399)/(-19) - (1 - 5). Suppose 75 = -22*m + z*m. Calculate the greatest common divisor of m and i.
25
Let c(f) = 29*f**2 - 34*f - 107. Let l be c(-3). What is the greatest common divisor of l and 8?
8
Let d = 730 - 690. Calculate the greatest common divisor of d and 95.
5
Suppose -45*m - 1820 = -50*m. What is the greatest common factor of 39 and m?
13
Let t = -337 - -340. Suppose 0 = -3*z + 6, -3*v + 4*z = 2 - 3. Calculate the greatest common divisor of v and t.
3
Suppose -3*u - 5*t = -u - 121, 66 = u - 3*t. Calculate the greatest common factor of u and 1008.
63
Suppose 2*d = -2*w + 38, -14 = -2*d + 3*w + 29. Let g = d + 4. What is the greatest common divisor of 8 and g?
8
Su